{"id":33,"date":"2021-06-09T14:35:26","date_gmt":"2021-06-09T14:35:26","guid":{"rendered":"http:\/\/192.168.2.129\/?page_id=33"},"modified":"2026-01-26T11:20:06","modified_gmt":"2026-01-26T11:20:06","slug":"33-2","status":"publish","type":"page","link":"https:\/\/dl-it.ch\/?page_id=33","title":{"rendered":"News"},"content":{"rendered":"<p>[et_pb_section fb_built=\u00a0\u00bb1&Prime; _builder_version=\u00a0\u00bb4.16&Prime; _module_preset=\u00a0\u00bbdefault\u00a0\u00bb global_colors_info=\u00a0\u00bb{}\u00a0\u00bb][et_pb_row _builder_version=\u00a0\u00bb4.16&Prime; _module_preset=\u00a0\u00bbdefault\u00a0\u00bb global_colors_info=\u00a0\u00bb{}\u00a0\u00bb][et_pb_column type=\u00a0\u00bb4_4&Prime; _builder_version=\u00a0\u00bb4.16&Prime; _module_preset=\u00a0\u00bbdefault\u00a0\u00bb global_colors_info=\u00a0\u00bb{}\u00a0\u00bb][et_pb_text _builder_version=\u00a0\u00bb4.16&Prime; _module_preset=\u00a0\u00bbdefault\u00a0\u00bb global_colors_info=\u00a0\u00bb{}\u00a0\u00bb]<\/p>\n<h1 itemprop=\"headline\"><strong>News :<br \/><\/strong><\/h1>\n<p>[\/et_pb_text][\/et_pb_column][\/et_pb_row][et_pb_row _builder_version=\u00a0\u00bb4.16&Prime; _module_preset=\u00a0\u00bbdefault\u00a0\u00bb global_colors_info=\u00a0\u00bb{}\u00a0\u00bb][et_pb_column type=\u00a0\u00bb4_4&Prime; _builder_version=\u00a0\u00bb4.16&Prime; _module_preset=\u00a0\u00bbdefault\u00a0\u00bb global_colors_info=\u00a0\u00bb{}\u00a0\u00bb][et_pb_accordion _builder_version=\u00a0\u00bb4.27.5&Prime; _module_preset=\u00a0\u00bbdefault\u00a0\u00bb hover_enabled=\u00a0\u00bb0&Prime; global_colors_info=\u00a0\u00bb{}\u00a0\u00bb sticky_enabled=\u00a0\u00bb0&Prime;][et_pb_accordion_item title=\u00a0\u00bbJanvier 2026&Prime; _builder_version=\u00a0\u00bb4.27.5&Prime; _module_preset=\u00a0\u00bbdefault\u00a0\u00bb hover_enabled=\u00a0\u00bb0&Prime; sticky_enabled=\u00a0\u00bb0&Prime; open=\u00a0\u00bbon\u00a0\u00bb]<\/p>\n<p>Mise \u00e0 jour de la page <a href=\"https:\/\/dl-it.ch\/?page_id=75\" target=\"_blank\" rel=\"noopener\">Fournisseurs \/ Partenaires.<\/a><\/p>\n<p>[\/et_pb_accordion_item][et_pb_accordion_item title=\u00a0\u00bbNovembre 2023&Prime; open=\u00a0\u00bboff\u00a0\u00bb _builder_version=\u00a0\u00bb4.23.1&Prime; _module_preset=\u00a0\u00bbdefault\u00a0\u00bb global_colors_info=\u00a0\u00bb{}\u00a0\u00bb]<\/p>\n<p>Mise \u00e0 jour de la page <a href=\"https:\/\/dl-it.ch\/?page_id=48\">Clients<\/a><\/p>\n<p>[\/et_pb_accordion_item][et_pb_accordion_item title=\u00a0\u00bbJuillet 2021&Prime; _builder_version=\u00a0\u00bb4.16&Prime; _module_preset=\u00a0\u00bbdefault\u00a0\u00bb global_colors_info=\u00a0\u00bb{}\u00a0\u00bb open=\u00a0\u00bboff\u00a0\u00bb]<\/p>\n<p>Mise \u00e0 jour du site web<\/p>\n<p>[\/et_pb_accordion_item][et_pb_accordion_item title=\u00a0\u00bbJanvier 2020 :\u00a0\u00bb _builder_version=\u00a0\u00bb4.16&Prime; _module_preset=\u00a0\u00bbdefault\u00a0\u00bb global_colors_info=\u00a0\u00bb{}\u00a0\u00bb open=\u00a0\u00bboff\u00a0\u00bb]<\/p>\n<p>L&rsquo;entreprise essaie d&rsquo;\u00eatre le plus \u00ab\u00a0Green\u00a0\u00bb possible avec la pose de 27 panneaux solaires ainsi que des batteries de stockage.<\/p>\n<p>[\/et_pb_accordion_item][et_pb_accordion_item title=\u00a0\u00bbOctobre 2019 :\u00a0\u00bb _builder_version=\u00a0\u00bb4.16&Prime; _module_preset=\u00a0\u00bbdefault\u00a0\u00bb global_colors_info=\u00a0\u00bb{}\u00a0\u00bb open=\u00a0\u00bboff\u00a0\u00bb]<\/p>\n<p>Mise \u00e0 jour de la page \u00ab\u00a0Clients\u00a0\u00bb.<\/p>\n<p><strong><a href=\"https:\/\/www.osmose-groupe.ch\/#home\" target=\"_blank\" rel=\"noopener noreferrer\"><\/a><\/strong><\/p>\n<p>[\/et_pb_accordion_item][et_pb_accordion_item title=\u00a0\u00bbD\u00e9cembre 2017 :\u00a0\u00bb _builder_version=\u00a0\u00bb4.16&Prime; _module_preset=\u00a0\u00bbdefault\u00a0\u00bb global_colors_info=\u00a0\u00bb{}\u00a0\u00bb open=\u00a0\u00bboff\u00a0\u00bb]<\/p>\n<p>Mise \u00e0 jour de la page \u00ab\u00a0Clients\u00a0\u00bb.<\/p>\n<p>[\/et_pb_accordion_item][et_pb_accordion_item title=\u00a0\u00bbSeptembre 2017 :\u00a0\u00bb _builder_version=\u00a0\u00bb4.16&Prime; _module_preset=\u00a0\u00bbdefault\u00a0\u00bb global_colors_info=\u00a0\u00bb{}\u00a0\u00bb open=\u00a0\u00bboff\u00a0\u00bb]<\/p>\n<p>-Mise \u00e0 jour de la page \u00ab\u00a0Laboratoire\u00a0\u00bb.<\/p>\n<p>-Afin de vous proposer encore plus de services, en partenariat avec Monsieur Fran\u00e7ois Ineichen de L&rsquo;Isle,\u00a0<\/p>\n<p>j&rsquo;ai suivit une formation pour la mise en service ainsi que le support de caisses enregistreuses avec la soci\u00e9t\u00e9 RECO Electronic AG.<\/p>\n<p><a title=\"RECO\" href=\"https:\/\/www.recoelectronic.ch\/\" target=\"_blank\" rel=\"noopener noreferrer\"><img loading=\"lazy\" decoding=\"async\" src=\"https:\/\/dl-it.ch\/images\/191257_5878a3ca00074d58a5aa7375700c7648mv2.jpg\" alt=\"\" width=\"677\" height=\"99\" \/><\/a><\/p>\n<p>Exemple du mod\u00e8le VR-200 : <a title=\"infos\" href=\"http:\/\/casio-caisses-enregistreuses.fr\/caisse-enregistreuse-vr200\/\" target=\"_blank\" rel=\"noopener noreferrer\">Plus d&rsquo;info<\/a><\/p>\n<p><img loading=\"lazy\" decoding=\"async\" src=\"https:\/\/dl-it.ch\/images\/191257_96be6bc8387643c2aed07d59a019f5ff.jpg\" alt=\"\" width=\"618\" height=\"489\" \/><span style=\"text-decoration: underline;\"><strong><\/strong><\/span><\/p>\n<p>[\/et_pb_accordion_item][et_pb_accordion_item title=\u00a0\u00bbAo\u00fbt 2017 :\u00a0\u00bb _builder_version=\u00a0\u00bb4.16&Prime; _module_preset=\u00a0\u00bbdefault\u00a0\u00bb global_colors_info=\u00a0\u00bb{}\u00a0\u00bb open=\u00a0\u00bboff\u00a0\u00bb]<\/p>\n<p>Mise \u00e0 jour de la page \u00ab\u00a0Laboratoire\u00a0\u00bb.<\/p>\n<p>[\/et_pb_accordion_item][et_pb_accordion_item title=\u00a0\u00bbJuin 2017 :\u00a0\u00bb _builder_version=\u00a0\u00bb4.16&Prime; _module_preset=\u00a0\u00bbdefault\u00a0\u00bb global_colors_info=\u00a0\u00bb{}\u00a0\u00bb open=\u00a0\u00bboff\u00a0\u00bb]<\/p>\n<p>-Ajout de la page \u00ab\u00a0Clients\u00a0\u00bb.<\/p>\n<p>[\/et_pb_accordion_item][et_pb_accordion_item title=\u00a0\u00bbMars 2017 :\u00a0\u00bb _builder_version=\u00a0\u00bb4.16&Prime; _module_preset=\u00a0\u00bbdefault\u00a0\u00bb global_colors_info=\u00a0\u00bb{}\u00a0\u00bb open=\u00a0\u00bboff\u00a0\u00bb]<\/p>\n<p>-Certification de base WEB &#8211; <a title=\"VMware\" href=\"http:\/\/www.vmware.com\/fr.html\" target=\"_blank\" rel=\"noopener noreferrer\">VMware<\/a> ( VCA6-DCV (1V0-621) Practice Exam ) pass\u00e9e. \ud83d\ude42<\/p>\n<p>-Nouveaux flyers de publicit\u00e9 :<\/p>\n<p><img loading=\"lazy\" decoding=\"async\" src=\"https:\/\/dl-it.ch\/images\/Flyers.JPG\" alt=\"\" width=\"356\" height=\"251\" \/><\/p>\n<p>&nbsp;<\/p>\n<p>[\/et_pb_accordion_item][et_pb_accordion_item title=\u00a0\u00bbJanvier 2017 :\u00a0\u00bb _builder_version=\u00a0\u00bb4.16&Prime; _module_preset=\u00a0\u00bbdefault\u00a0\u00bb global_colors_info=\u00a0\u00bb{}\u00a0\u00bb open=\u00a0\u00bboff\u00a0\u00bb]<\/p>\n<p>Pour encore mieux vous servir et vous conseiller,<\/p>\n<p>j&rsquo;ai pass\u00e9 la <a title=\"CertifWebVeeam\" href=\"https:\/\/dl-it.ch\/Files\/Certif_Veeam.pdf\" target=\"_blank\" rel=\"noopener noreferrer\">certification WEB<\/a> de <a title=\"Veeam.com\" href=\"https:\/\/www.veeam.com\/fr\/vm-backup-recovery-replication-software.html\" target=\"_blank\" rel=\"noopener noreferrer\">Veeam Backup &amp; R\u00e9plication<\/a><\/p>\n<p>( Logiciel de sauvegarde, poste de travail, serveurs, machines virtuels, pour particuliers et entreprises )<\/p>\n<p><span style=\"text-decoration: underline;\"><strong>\u00a0<\/strong><\/span><\/p>\n<p>[\/et_pb_accordion_item][\/et_pb_accordion][\/et_pb_column][\/et_pb_row][\/et_pb_section]<\/p>\n","protected":false},"excerpt":{"rendered":"<p>News :Mise \u00e0 jour de la page Fournisseurs \/ Partenaires.Mise \u00e0 jour de la page ClientsMise \u00e0 jour du site webL&rsquo;entreprise essaie d&rsquo;\u00eatre le plus \u00ab\u00a0Green\u00a0\u00bb possible avec la pose de 27 panneaux solaires ainsi que des batteries de stockage.Mise \u00e0 jour de la page \u00ab\u00a0Clients\u00a0\u00bb. Mise \u00e0 jour de la page \u00ab\u00a0Clients\u00a0\u00bb.-Mise \u00e0 jour [&hellip;]<\/p>\n","protected":false},"author":1,"featured_media":0,"parent":0,"menu_order":0,"comment_status":"closed","ping_status":"closed","template":"","meta":{"_et_pb_use_builder":"on","_et_pb_old_content":"","_et_gb_content_width":"","footnotes":""},"class_list":["post-33","page","type-page","status-publish","hentry"],"_links":{"self":[{"href":"https:\/\/dl-it.ch\/index.php?rest_route=\/wp\/v2\/pages\/33","targetHints":{"allow":["GET"]}}],"collection":[{"href":"https:\/\/dl-it.ch\/index.php?rest_route=\/wp\/v2\/pages"}],"about":[{"href":"https:\/\/dl-it.ch\/index.php?rest_route=\/wp\/v2\/types\/page"}],"author":[{"embeddable":true,"href":"https:\/\/dl-it.ch\/index.php?rest_route=\/wp\/v2\/users\/1"}],"replies":[{"embeddable":true,"href":"https:\/\/dl-it.ch\/index.php?rest_route=%2Fwp%2Fv2%2Fcomments&post=33"}],"version-history":[{"count":10,"href":"https:\/\/dl-it.ch\/index.php?rest_route=\/wp\/v2\/pages\/33\/revisions"}],"predecessor-version":[{"id":371,"href":"https:\/\/dl-it.ch\/index.php?rest_route=\/wp\/v2\/pages\/33\/revisions\/371"}],"wp:attachment":[{"href":"https:\/\/dl-it.ch\/index.php?rest_route=%2Fwp%2Fv2%2Fmedia&parent=33"}],"curies":[{"name":"wp","href":"https:\/\/api.w.org\/{rel}","templated":true}]}}