{"id":53,"date":"2021-06-09T14:40:10","date_gmt":"2021-06-09T14:40:10","guid":{"rendered":"http:\/\/192.168.2.129\/?page_id=53"},"modified":"2021-06-09T14:40:41","modified_gmt":"2021-06-09T14:40:41","slug":"53-2","status":"publish","type":"page","link":"https:\/\/dl-it.ch\/?page_id=53","title":{"rendered":"Catalogue de services"},"content":{"rendered":"<p>[et_pb_section fb_built=\u00a0\u00bb1&Prime; _builder_version=\u00a0\u00bb4.9.4&Prime; _module_preset=\u00a0\u00bbdefault\u00a0\u00bb][et_pb_row _builder_version=\u00a0\u00bb4.9.4&Prime; _module_preset=\u00a0\u00bbdefault\u00a0\u00bb][et_pb_column _builder_version=\u00a0\u00bb4.9.4&Prime; _module_preset=\u00a0\u00bbdefault\u00a0\u00bb type=\u00a0\u00bb4_4&Prime;][et_pb_text _builder_version=\u00a0\u00bb4.9.4&Prime; _module_preset=\u00a0\u00bbdefault\u00a0\u00bb hover_enabled=\u00a0\u00bb0&Prime; sticky_enabled=\u00a0\u00bb0&Prime;]<\/p>\n<h1 itemprop=\"headline\"><strong>Catalogue de services :<br \/><\/strong><\/h1>\n<p>[\/et_pb_text][\/et_pb_column][\/et_pb_row][et_pb_row _builder_version=\u00a0\u00bb4.9.4&Prime; _module_preset=\u00a0\u00bbdefault\u00a0\u00bb][et_pb_column _builder_version=\u00a0\u00bb4.9.4&Prime; _module_preset=\u00a0\u00bbdefault\u00a0\u00bb type=\u00a0\u00bb4_4&Prime;][et_pb_text _builder_version=\u00a0\u00bb4.9.4&Prime; _module_preset=\u00a0\u00bbdefault\u00a0\u00bb hover_enabled=\u00a0\u00bb0&Prime; sticky_enabled=\u00a0\u00bb0&Prime;]<\/p>\n<p><span style=\"text-decoration: underline;\"><strong>Voici mes principales activit\u00e9s :<\/strong><\/span><\/p>\n<p>-Conseils :<\/p>\n<ul>\n<li>Achat de mat\u00e9riel adapt\u00e9 \u00e0 vos besoins pr\u00e9sents et futurs.<\/li>\n<li>Remplacement et\/ou ajustement de votre infrastructure.<\/li>\n<\/ul>\n<p>-Recherche de solution :<\/p>\n<ul>\n<li>Sur tous types de probl\u00e8mes.<\/li>\n<\/ul>\n<p>-Gestion de projets :<\/p>\n<ul>\n<li>Nouvelle infrastructure<\/li>\n<li>Migration<\/li>\n<li>Votre projet de A \u00e0 Z<\/li>\n<\/ul>\n<p>-Installations et configurations de tous type de mat\u00e9riel et de logiciel.<\/p>\n<p>-Nettoyage \/ Optimisation sur les syst\u00e8mes Microsoft et Apple<\/p>\n<p>-Consulting \/ formation pour les PME et les particuliers.<\/p>\n<p>-D\u00e9pannage :<\/p>\n<ul>\n<li>Sur site<\/li>\n<li>A distance<\/li>\n<\/ul>\n<p>-Construction de votre machine sur mesure ( Bureau &#8211; Maison &#8211; Multim\u00e9dia &#8211;\u00a0PC\u00a0Gaming\u00a0).<\/p>\n<p>-Migration :<\/p>\n<ul>\n<li>Changement de t\u00e9l\u00e9phone mobile : iOS ou Android<\/li>\n<li>Migration des donn\u00e9es \/ Sauvegarde &#8211; restauration<\/li>\n<\/ul>\n<p>J&rsquo;aurais toujours une solution \u00e0 vous proposez !<\/p>\n<p>n\u2019h\u00e9sitez pas \u00e0 me soumettre votre demande par Mail : <span id=\"cloakc1ef9ebe715c3d5b637fbd98939285f0\"><a href=\"mailto:info@dl-it.ch\">info@dl-it.ch<\/a><\/span><\/p>\n<p>[\/et_pb_text][\/et_pb_column][\/et_pb_row][\/et_pb_section]<\/p>\n","protected":false},"excerpt":{"rendered":"<p>Catalogue de services :Voici mes principales activit\u00e9s : -Conseils : Achat de mat\u00e9riel adapt\u00e9 \u00e0 vos besoins pr\u00e9sents et futurs. Remplacement et\/ou ajustement de votre infrastructure. -Recherche de solution : Sur tous types de probl\u00e8mes. -Gestion de projets : Nouvelle infrastructure Migration Votre projet de A \u00e0 Z -Installations et configurations de tous type de [&hellip;]<\/p>\n","protected":false},"author":1,"featured_media":0,"parent":0,"menu_order":0,"comment_status":"closed","ping_status":"closed","template":"","meta":{"_et_pb_use_builder":"on","_et_pb_old_content":"","_et_gb_content_width":"","footnotes":""},"class_list":["post-53","page","type-page","status-publish","hentry"],"_links":{"self":[{"href":"https:\/\/dl-it.ch\/index.php?rest_route=\/wp\/v2\/pages\/53","targetHints":{"allow":["GET"]}}],"collection":[{"href":"https:\/\/dl-it.ch\/index.php?rest_route=\/wp\/v2\/pages"}],"about":[{"href":"https:\/\/dl-it.ch\/index.php?rest_route=\/wp\/v2\/types\/page"}],"author":[{"embeddable":true,"href":"https:\/\/dl-it.ch\/index.php?rest_route=\/wp\/v2\/users\/1"}],"replies":[{"embeddable":true,"href":"https:\/\/dl-it.ch\/index.php?rest_route=%2Fwp%2Fv2%2Fcomments&post=53"}],"version-history":[{"count":4,"href":"https:\/\/dl-it.ch\/index.php?rest_route=\/wp\/v2\/pages\/53\/revisions"}],"predecessor-version":[{"id":58,"href":"https:\/\/dl-it.ch\/index.php?rest_route=\/wp\/v2\/pages\/53\/revisions\/58"}],"wp:attachment":[{"href":"https:\/\/dl-it.ch\/index.php?rest_route=%2Fwp%2Fv2%2Fmedia&parent=53"}],"curies":[{"name":"wp","href":"https:\/\/api.w.org\/{rel}","templated":true}]}}